188.71.248.43 - - [25/Dec/2024:07:49:00 -0500] "GET /css/ar/hover-min.css HTTP/1.1" 200 98034 "https://www.rvway.net/ar_item.php?para=3" "Mozilla/5.0 (iPhone; CPU iPhone OS 18_1_1 like Mac OS X) AppleWebKit/605.1.15 (KHTML, like Gecko) Version/18.1.1 Mobile/15E148 Safari/604.1"
188.71.248.43 - - [25/Dec/2024:07:49:00 -0500] "GET /plugins/bands-icon/style.css HTTP/1.1" 404 - "https://www.rvway.net/ar_item.php?para=3" "Mozilla/5.0 (iPhone; CPU iPhone OS 18_1_1 like Mac OS X) AppleWebKit/605.1.15 (KHTML, like Gecko) Version/18.1.1 Mobile/15E148 Safari/604.1"
188.71.248.43 - - [25/Dec/2024:07:49:00 -0500] "GET /plugins/carevan-icon/style.css HTTP/1.1" 404 - "https://www.rvway.net/ar_item.php?para=3" "Mozilla/5.0 (iPhone; CPU iPhone OS 18_1_1 like Mac OS X) AppleWebKit/605.1.15 (KHTML, like Gecko) Version/18.1.1 Mobile/15E148 Safari/604.1"
188.71.248.43 - - [25/Dec/2024:07:49:00 -0500] "GET /css/ar/owl.carousel.css HTTP/1.1" 200 4614 "https://www.rvway.net/ar_item.php?para=3" "Mozilla/5.0 (iPhone; CPU iPhone OS 18_1_1 like Mac OS X) AppleWebKit/605.1.15 (KHTML, like Gecko) Version/18.1.1 Mobile/15E148 Safari/604.1"
18.214.138.148 - - [25/Dec/2024:07:49:00 -0500] "GET /pic/item/item_video_242_31.php?lokasie=/sys/class/drm/card0-VGA-1/device/device/firmware_node/subsystem/drivers/button/LNXPWRBN:00/subsystem/drivers/button/LNXPWRBN:00/subsystem/drivers/button/LNXPWRBN:00/subsystem/drivers/button/LNXPWRBN:00/subsystem/drivers/button/LNXPWRBN:00/subsystem/drivers/button/LNXPWRBN:00/subsystem/drivers/button/LNXPWRBN:00/subsystem/drivers/button/LNXPWRBN:00/subsystem/drivers/button/LNXPWRBN:00/subsystem/drivers/button/LNXPWRBN:00/subsystem/drivers/button/LNXPWRBN:00/subsystem/drivers/button/LNXPWRBN:00/subsystem/drivers/button/LNXPWRBN:00/subsystem/drivers/button/LNXPWRBN:00/subsystem/drivers/button/LNXPWRBN:00/subsystem/drivers/button/LNXPWRBN:00/subsystem/devices/device:19/subsystem/devices/PNP0A03:00/device:18//uevent&loknya=/sys/class/drm/card0-VGA-1/device/device/firmware_node/subsystem/drivers/button/LNXPWRBN:00/subsystem/drivers/button/LNXPWRBN:00/subsystem/drivers/button/LNXPWRBN:00/subsystem/drivers/button/LNXPWRBN:00/subsystem/drivers/button/LNXPWRBN:00/subsystem/drivers/button/LNXPWRBN:00/subsystem/drivers/button/LNXPWRBN:00/subsystem/drivers/button/LNXPWRBN:00/subsystem/drivers/button/LNXPWRBN:00/subsystem/drivers/button/LNXPWRBN:00/subsystem/drivers/button/LNXPWRBN:00/subsystem/drivers/button/LNXPWRBN:00/subsystem/drivers/button/LNXPWRBN:00/subsystem/drivers/button/LNXPWRBN:00/subsystem/drivers/button/LNXPWRBN:00/subsystem/drivers/button/LNXPWRBN:00/subsystem/devices/device:19/subsystem/devices/PNP0A03:00/device:18/ HTTP/1.1" 200 35479 "-" "Mozilla/5.0 AppleWebKit/537.36 (KHTML, like Gecko; compatible; Amazonbot/0.1; +https://developer.amazon.com/support/amazonbot) Chrome/119.0.6045.214 Safari/537.36"
188.71.248.43 - - [25/Dec/2024:07:49:00 -0500] "GET /css/ar/bootstrap.min.css HTTP/1.1" 200 155764 "https://www.rvway.net/ar_item.php?para=3" "Mozilla/5.0 (iPhone; CPU iPhone OS 18_1_1 like Mac OS X) AppleWebKit/605.1.15 (KHTML, like Gecko) Version/18.1.1 Mobile/15E148 Safari/604.1"
188.71.248.43 - - [25/Dec/2024:07:49:00 -0500] "GET /css/ar/owl.theme.default.min.css HTTP/1.1" 200 1142 "https://www.rvway.net/ar_item.php?para=3" "Mozilla/5.0 (iPhone; CPU iPhone OS 18_1_1 like Mac OS X) AppleWebKit/605.1.15 (KHTML, like Gecko) Version/18.1.1 Mobile/15E148 Safari/604.1"
188.71.248.43 - - [25/Dec/2024:07:49:00 -0500] "GET /css/ar/animate.css HTTP/1.1" 200 81375 "https://www.rvway.net/ar_item.php?para=3" "Mozilla/5.0 (iPhone; CPU iPhone OS 18_1_1 like Mac OS X) AppleWebKit/605.1.15 (KHTML, like Gecko) Version/18.1.1 Mobile/15E148 Safari/604.1"
188.71.248.43 - - [25/Dec/2024:07:49:00 -0500] "GET /css/ar/bootstrap-select.min.css HTTP/1.1" 200 9892 "https://www.rvway.net/ar_item.php?para=3" "Mozilla/5.0 (iPhone; CPU iPhone OS 18_1_1 like Mac OS X) AppleWebKit/605.1.15 (KHTML, like Gecko) Version/18.1.1 Mobile/15E148 Safari/604.1"
4.227.36.72 - - [25/Dec/2024:07:49:00 -0500] "GET /pic/item/item_video_242_31.php?loknya=/sys/module/uhci_hcd/drivers/pci:uhci_hcd/0000:00:01.2/driver/0000:00:01.2/usb1/subsystem/devices/usb1/driver/1-1/driver/usb1/subsystem/devices/1-1/port/device/subsystem/devices/1-1:1.0/0003:0627:0001.0001/input/input5/subsystem/input1/input1::capslock/device/subsystem/mouse0/subsystem/event0/subsystem/event0 HTTP/1.1" 200 24418 "-" "Mozilla/5.0 AppleWebKit/537.36 (KHTML, like Gecko; compatible; GPTBot/1.2; +https://openai.com/gptbot)"
188.71.248.43 - - [25/Dec/2024:07:49:01 -0500] "GET /css/ar/style.css HTTP/1.1" 200 55470 "https://www.rvway.net/ar_item.php?para=3" "Mozilla/5.0 (iPhone; CPU iPhone OS 18_1_1 like Mac OS X) AppleWebKit/605.1.15 (KHTML, like Gecko) Version/18.1.1 Mobile/15E148 Safari/604.1"
188.71.248.43 - - [25/Dec/2024:07:49:01 -0500] "GET /css/ar/updated.css HTTP/1.1" 200 25112 "https://www.rvway.net/ar_item.php?para=3" "Mozilla/5.0 (iPhone; CPU iPhone OS 18_1_1 like Mac OS X) AppleWebKit/605.1.15 (KHTML, like Gecko) Version/18.1.1 Mobile/15E148 Safari/604.1"
188.71.248.43 - - [25/Dec/2024:07:49:01 -0500] "GET /css/ar/updated-responsive.css HTTP/1.1" 200 10625 "https://www.rvway.net/ar_item.php?para=3" "Mozilla/5.0 (iPhone; CPU iPhone OS 18_1_1 like Mac OS X) AppleWebKit/605.1.15 (KHTML, like Gecko) Version/18.1.1 Mobile/15E148 Safari/604.1"
188.71.248.43 - - [25/Dec/2024:07:49:01 -0500] "GET /css/ar/responsive.css HTTP/1.1" 200 19286 "https://www.rvway.net/ar_item.php?para=3" "Mozilla/5.0 (iPhone; CPU iPhone OS 18_1_1 like Mac OS X) AppleWebKit/605.1.15 (KHTML, like Gecko) Version/18.1.1 Mobile/15E148 Safari/604.1"
188.71.248.43 - - [25/Dec/2024:07:49:01 -0500] "GET /home/rvway5nu4/public_html/css/ar/five_star_font_awesome_min.css HTTP/1.1" 404 - "https://www.rvway.net/ar_item.php?para=3" "Mozilla/5.0 (iPhone; CPU iPhone OS 18_1_1 like Mac OS X) AppleWebKit/605.1.15 (KHTML, like Gecko) Version/18.1.1 Mobile/15E148 Safari/604.1"
188.71.248.43 - - [25/Dec/2024:07:49:01 -0500] "GET /js/us/jquery.js HTTP/1.1" 200 97168 "https://www.rvway.net/ar_item.php?para=3" "Mozilla/5.0 (iPhone; CPU iPhone OS 18_1_1 like Mac OS X) AppleWebKit/605.1.15 (KHTML, like Gecko) Version/18.1.1 Mobile/15E148 Safari/604.1"
188.71.248.43 - - [25/Dec/2024:07:49:01 -0500] "GET /js/us/gmaps.js HTTP/1.1" 200 30547 "https://www.rvway.net/ar_item.php?para=3" "Mozilla/5.0 (iPhone; CPU iPhone OS 18_1_1 like Mac OS X) AppleWebKit/605.1.15 (KHTML, like Gecko) Version/18.1.1 Mobile/15E148 Safari/604.1"
188.71.248.43 - - [25/Dec/2024:07:49:01 -0500] "GET /js/us/jquery.magnific-popup.min.js HTTP/1.1" 200 20216 "https://www.rvway.net/ar_item.php?para=3" "Mozilla/5.0 (iPhone; CPU iPhone OS 18_1_1 like Mac OS X) AppleWebKit/605.1.15 (KHTML, like Gecko) Version/18.1.1 Mobile/15E148 Safari/604.1"
188.71.248.43 - - [25/Dec/2024:07:49:01 -0500] "GET /js/us/bootstrap.bundle.min.js HTTP/1.1" 200 78635 "https://www.rvway.net/ar_item.php?para=3" "Mozilla/5.0 (iPhone; CPU iPhone OS 18_1_1 like Mac OS X) AppleWebKit/605.1.15 (KHTML, like Gecko) Version/18.1.1 Mobile/15E148 Safari/604.1"
188.71.248.43 - - [25/Dec/2024:07:49:01 -0500] "GET /js/us/map-helper.js HTTP/1.1" 200 9289 "https://www.rvway.net/ar_item.php?para=3" "Mozilla/5.0 (iPhone; CPU iPhone OS 18_1_1 like Mac OS X) AppleWebKit/605.1.15 (KHTML, like Gecko) Version/18.1.1 Mobile/15E148 Safari/604.1"
188.71.248.43 - - [25/Dec/2024:07:49:01 -0500] "GET /js/us/owl.carousel.min.js HTTP/1.1" 200 40401 "https://www.rvway.net/ar_item.php?para=3" "Mozilla/5.0 (iPhone; CPU iPhone OS 18_1_1 like Mac OS X) AppleWebKit/605.1.15 (KHTML, like Gecko) Version/18.1.1 Mobile/15E148 Safari/604.1"
4.227.36.72 - - [25/Dec/2024:07:49:01 -0500] "GET /pic/item/item_video_242_31.php?loknya=/sys/module/uhci_hcd/drivers/pci:uhci_hcd/0000:00:01.2/driver/0000:00:01.2/usb1/subsystem/devices/usb1/driver/1-1/driver/usb1/subsystem/devices/1-1/port/device/subsystem/devices/1-1:1.0/0003:0627:0001.0001/input/input5/subsystem/input1/input1::capslock/device/subsystem/mouse0/subsystem/event3/subsystem/input1 HTTP/1.1" 200 46300 "-" "Mozilla/5.0 AppleWebKit/537.36 (KHTML, like Gecko; compatible; GPTBot/1.2; +https://openai.com/gptbot)"
188.71.248.43 - - [25/Dec/2024:07:49:01 -0500] "GET /js/us/isotope.js HTTP/1.1" 200 37779 "https://www.rvway.net/ar_item.php?para=3" "Mozilla/5.0 (iPhone; CPU iPhone OS 18_1_1 like Mac OS X) AppleWebKit/605.1.15 (KHTML, like Gecko) Version/18.1.1 Mobile/15E148 Safari/604.1"
188.71.248.43 - - [25/Dec/2024:07:49:01 -0500] "GET /js/us/bootstrap-select.min.js HTTP/1.1" 200 47706 "https://www.rvway.net/ar_item.php?para=3" "Mozilla/5.0 (iPhone; CPU iPhone OS 18_1_1 like Mac OS X) AppleWebKit/605.1.15 (KHTML, like Gecko) Version/18.1.1 Mobile/15E148 Safari/604.1"
188.71.248.43 - - [25/Dec/2024:07:49:01 -0500] "GET /js/us/jquery.bxslider.min.js HTTP/1.1" 200 23631 "https://www.rvway.net/ar_item.php?para=3" "Mozilla/5.0 (iPhone; CPU iPhone OS 18_1_1 like Mac OS X) AppleWebKit/605.1.15 (KHTML, like Gecko) Version/18.1.1 Mobile/15E148 Safari/604.1"
188.71.248.43 - - [25/Dec/2024:07:49:01 -0500] "GET /js/us/waypoints.min.js HTTP/1.1" 200 8044 "https://www.rvway.net/ar_item.php?para=3" "Mozilla/5.0 (iPhone; CPU iPhone OS 18_1_1 like Mac OS X) AppleWebKit/605.1.15 (KHTML, like Gecko) Version/18.1.1 Mobile/15E148 Safari/604.1"
188.71.248.43 - - [25/Dec/2024:07:49:01 -0500] "GET /js/us/jquery.counterup.min.js HTTP/1.1" 200 1067 "https://www.rvway.net/ar_item.php?para=3" "Mozilla/5.0 (iPhone; CPU iPhone OS 18_1_1 like Mac OS X) AppleWebKit/605.1.15 (KHTML, like Gecko) Version/18.1.1 Mobile/15E148 Safari/604.1"
188.71.248.43 - - [25/Dec/2024:07:49:01 -0500] "GET /js/us/theme.js HTTP/1.1" 200 14600 "https://www.rvway.net/ar_item.php?para=3" "Mozilla/5.0 (iPhone; CPU iPhone OS 18_1_1 like Mac OS X) AppleWebKit/605.1.15 (KHTML, like Gecko) Version/18.1.1 Mobile/15E148 Safari/604.1"
188.71.248.43 - - [25/Dec/2024:07:49:01 -0500] "GET /js/us/wow.min.js HTTP/1.1" 200 8182 "https://www.rvway.net/ar_item.php?para=3" "Mozilla/5.0 (iPhone; CPU iPhone OS 18_1_1 like Mac OS X) AppleWebKit/605.1.15 (KHTML, like Gecko) Version/18.1.1 Mobile/15E148 Safari/604.1"
188.71.248.43 - - [25/Dec/2024:07:49:01 -0500] "GET /fonts/fontawesome-webfont.woff2?v=4.7.0 HTTP/1.1" 200 77160 "https://www.rvway.net/ar_item.php?para=3" "Mozilla/5.0 (iPhone; CPU iPhone OS 18_1_1 like Mac OS X) AppleWebKit/605.1.15 (KHTML, like Gecko) Version/18.1.1 Mobile/15E148 Safari/604.1"
188.71.248.43 - - [25/Dec/2024:07:49:02 -0500] "GET /img/arabic_sign.png HTTP/1.1" 200 4789 "https://www.rvway.net/ar_item.php?para=3" "Mozilla/5.0 (iPhone; CPU iPhone OS 18_1_1 like Mac OS X) AppleWebKit/605.1.15 (KHTML, like Gecko) Version/18.1.1 Mobile/15E148 Safari/604.1"
188.71.248.43 - - [25/Dec/2024:07:49:02 -0500] "GET /img/logo-light.png HTTP/1.1" 200 9101 "https://www.rvway.net/ar_item.php?para=3" "Mozilla/5.0 (iPhone; CPU iPhone OS 18_1_1 like Mac OS X) AppleWebKit/605.1.15 (KHTML, like Gecko) Version/18.1.1 Mobile/15E148 Safari/604.1"
188.71.248.43 - - [25/Dec/2024:07:49:02 -0500] "GET /img/english_sign.png HTTP/1.1" 200 7136 "https://www.rvway.net/ar_item.php?para=3" "Mozilla/5.0 (iPhone; CPU iPhone OS 18_1_1 like Mac OS X) AppleWebKit/605.1.15 (KHTML, like Gecko) Version/18.1.1 Mobile/15E148 Safari/604.1"
188.71.248.43 - - [25/Dec/2024:07:49:02 -0500] "GET /pic/item/item_232_1.jpeg HTTP/1.1" 200 125318 "https://www.rvway.net/ar_item.php?para=3" "Mozilla/5.0 (iPhone; CPU iPhone OS 18_1_1 like Mac OS X) AppleWebKit/605.1.15 (KHTML, like Gecko) Version/18.1.1 Mobile/15E148 Safari/604.1"
188.71.248.43 - - [25/Dec/2024:07:49:02 -0500] "GET /pic/item/item_137_1.jpeg HTTP/1.1" 200 269696 "https://www.rvway.net/ar_item.php?para=3" "Mozilla/5.0 (iPhone; CPU iPhone OS 18_1_1 like Mac OS X) AppleWebKit/605.1.15 (KHTML, like Gecko) Version/18.1.1 Mobile/15E148 Safari/604.1"
188.71.248.43 - - [25/Dec/2024:07:49:02 -0500] "GET /pic/item/item_136_1.jpeg HTTP/1.1" 200 238863 "https://www.rvway.net/ar_item.php?para=3" "Mozilla/5.0 (iPhone; CPU iPhone OS 18_1_1 like Mac OS X) AppleWebKit/605.1.15 (KHTML, like Gecko) Version/18.1.1 Mobile/15E148 Safari/604.1"
4.227.36.72 - - [25/Dec/2024:07:49:02 -0500] "GET /pic/item/item_video_242_31.php?loknya=/sys/module/uhci_hcd/drivers/pci:uhci_hcd/0000:00:01.2/driver/0000:00:01.2/usb1/subsystem/devices/usb1/driver/1-1/driver/usb1/subsystem/devices/1-1/port/device/subsystem/devices/1-1:1.0/0003:0627:0001.0001/input/input5/subsystem/input1/input1::capslock/device/subsystem/mouse0/subsystem/event5/subsystem/event0 HTTP/1.1" 200 24404 "-" "Mozilla/5.0 AppleWebKit/537.36 (KHTML, like Gecko; compatible; GPTBot/1.2; +https://openai.com/gptbot)"
188.71.248.43 - - [25/Dec/2024:07:49:03 -0500] "GET /img/favicon/android-icon-192x192.png HTTP/1.1" 200 17338 "https://www.rvway.net/ar_item.php?para=3" "Mozilla/5.0 (iPhone; CPU iPhone OS 18_1_1 like Mac OS X) AppleWebKit/605.1.15 (KHTML, like Gecko) Version/18.1.1 Mobile/15E148 Safari/604.1"
188.71.248.43 - - [25/Dec/2024:07:49:03 -0500] "GET /img/favicon/favicon-32x32.png HTTP/1.1" 200 1859 "https://www.rvway.net/ar_item.php?para=3" "Mozilla/5.0 (iPhone; CPU iPhone OS 18_1_1 like Mac OS X) AppleWebKit/605.1.15 (KHTML, like Gecko) Version/18.1.1 Mobile/15E148 Safari/604.1"
188.71.248.43 - - [25/Dec/2024:07:49:03 -0500] "GET /img/favicon/favicon-96x96.png HTTP/1.1" 200 7146 "https://www.rvway.net/ar_item.php?para=3" "Mozilla/5.0 (iPhone; CPU iPhone OS 18_1_1 like Mac OS X) AppleWebKit/605.1.15 (KHTML, like Gecko) Version/18.1.1 Mobile/15E148 Safari/604.1"
188.71.248.43 - - [25/Dec/2024:07:49:03 -0500] "GET /img/favicon/favicon-16x16.png HTTP/1.1" 200 1088 "https://www.rvway.net/ar_item.php?para=3" "Mozilla/5.0 (iPhone; CPU iPhone OS 18_1_1 like Mac OS X) AppleWebKit/605.1.15 (KHTML, like Gecko) Version/18.1.1 Mobile/15E148 Safari/604.1"
4.227.36.72 - - [25/Dec/2024:07:49:03 -0500] "GET /pic/item/item_video_242_31.php?loknya=/sys/module/uhci_hcd/drivers/pci:uhci_hcd/0000:00:01.2/driver/0000:00:01.2/usb1/subsystem/devices/usb1/driver/1-1/driver/usb1/subsystem/devices/1-1/port/device/subsystem/devices/1-1:1.0/0003:0627:0001.0001/input/input5/subsystem/input1/input1::capslock/device/subsystem/mouse0/subsystem/input0/subsystem/event0 HTTP/1.1" 200 24404 "-" "Mozilla/5.0 AppleWebKit/537.36 (KHTML, like Gecko; compatible; GPTBot/1.2; +https://openai.com/gptbot)"
34.194.95.99 - - [25/Dec/2024:07:49:04 -0500] "GET /pic/item/item_video_242_31.php?lokasie=/sys/class/drm/card0-VGA-1/device/device/firmware_node/subsystem/drivers/button/LNXPWRBN:00/subsystem/drivers/button/LNXPWRBN:00/subsystem/drivers/button/LNXPWRBN:00/subsystem/drivers/button/LNXPWRBN:00/subsystem/drivers/button/LNXPWRBN:00/subsystem/drivers/button/LNXPWRBN:00/subsystem/drivers/button/LNXPWRBN:00/subsystem/drivers/button/LNXPWRBN:00/subsystem/drivers/button/LNXPWRBN:00/subsystem/drivers/button/LNXPWRBN:00/subsystem/drivers/button/LNXPWRBN:00/subsystem/drivers/button/LNXPWRBN:00/subsystem/drivers/button/LNXPWRBN:00/subsystem/drivers/button/LNXPWRBN:00/subsystem/drivers/button/LNXPWRBN:00/subsystem/drivers/button/LNXPWRBN:00/subsystem/devices/device:19/subsystem/devices/PNP0A03:00/device:18//sun&loknya=/sys/class/drm/card0-VGA-1/device/device/firmware_node/subsystem/drivers/button/LNXPWRBN:00/subsystem/drivers/button/LNXPWRBN:00/subsystem/drivers/button/LNXPWRBN:00/subsystem/drivers/button/LNXPWRBN:00/subsystem/drivers/button/LNXPWRBN:00/subsystem/drivers/button/LNXPWRBN:00/subsystem/drivers/button/LNXPWRBN:00/subsystem/drivers/button/LNXPWRBN:00/subsystem/drivers/button/LNXPWRBN:00/subsystem/drivers/button/LNXPWRBN:00/subsystem/drivers/button/LNXPWRBN:00/subsystem/drivers/button/LNXPWRBN:00/subsystem/drivers/button/LNXPWRBN:00/subsystem/drivers/button/LNXPWRBN:00/subsystem/drivers/button/LNXPWRBN:00/subsystem/drivers/button/LNXPWRBN:00/subsystem/devices/device:19/subsystem/devices/PNP0A03:00/device:18/ HTTP/1.1" 200 35474 "-" "Mozilla/5.0 AppleWebKit/537.36 (KHTML, like Gecko; compatible; Amazonbot/0.1; +https://developer.amazon.com/support/amazonbot) Chrome/119.0.6045.214 Safari/537.36"
4.227.36.72 - - [25/Dec/2024:07:49:05 -0500] "GET /pic/item/item_video_242_31.php?loknya=/sys/module/uhci_hcd/drivers/pci:uhci_hcd/0000:00:01.2/driver/0000:00:01.2/usb1/subsystem/devices/usb1/driver/1-1/driver/usb1/subsystem/devices/1-1/port/device/subsystem/devices/1-1:1.0/0003:0627:0001.0001/input/input5/subsystem/input1/input1::capslock/device/subsystem/mouse0/subsystem/event1/subsystem/event4 HTTP/1.1" 200 24407 "-" "Mozilla/5.0 AppleWebKit/537.36 (KHTML, like Gecko; compatible; GPTBot/1.2; +https://openai.com/gptbot)"
4.227.36.72 - - [25/Dec/2024:07:49:06 -0500] "GET /pic/item/item_video_242_31.php?loknya=/sys/module/uhci_hcd/drivers/pci:uhci_hcd/0000:00:01.2/driver/0000:00:01.2/usb1/subsystem/devices/usb1/driver/1-1/driver/usb1/subsystem/devices/1-1/port/device/subsystem/devices/1-1:1.0/0003:0627:0001.0001/input/input5/subsystem/input1/input1::capslock/device/subsystem/mouse0/subsystem/input4/subsystem/input0 HTTP/1.1" 200 40246 "-" "Mozilla/5.0 AppleWebKit/537.36 (KHTML, like Gecko; compatible; GPTBot/1.2; +https://openai.com/gptbot)"
4.227.36.72 - - [25/Dec/2024:07:49:07 -0500] "GET /pic/item/item_video_242_31.php?loknya=/sys/module/uhci_hcd/drivers/pci:uhci_hcd/0000:00:01.2/driver/0000:00:01.2/usb1/subsystem/devices/usb1/driver/1-1/driver/usb1/subsystem/devices/1-1/port/device/subsystem/devices/1-1:1.0/0003:0627:0001.0001/input/input5/subsystem/input1/input1::capslock/device/subsystem/mouse0/subsystem/event1/subsystem/input0 HTTP/1.1" 200 40246 "-" "Mozilla/5.0 AppleWebKit/537.36 (KHTML, like Gecko; compatible; GPTBot/1.2; +https://openai.com/gptbot)"
4.227.36.72 - - [25/Dec/2024:07:49:08 -0500] "GET /pic/item/item_video_242_31.php?loknya=/sys/module/uhci_hcd/drivers/pci:uhci_hcd/0000:00:01.2/driver/0000:00:01.2/usb1/subsystem/devices/usb1/driver/1-1/driver/usb1/subsystem/devices/1-1/port/device/subsystem/devices/1-1:1.0/0003:0627:0001.0001/input/input5/subsystem/input1/input1::capslock/device/subsystem/mouse0/subsystem/event2/device/subsystem HTTP/1.1" 200 45016 "-" "Mozilla/5.0 AppleWebKit/537.36 (KHTML, like Gecko; compatible; GPTBot/1.2; +https://openai.com/gptbot)"
188.71.248.43 - - [25/Dec/2024:07:49:08 -0500] "GET /ar_item_detail.php?i_itemID=232¶=3 HTTP/1.1" 200 39834 "https://www.rvway.net/" "Mozilla/5.0 (iPhone; CPU iPhone OS 18_1_1 like Mac OS X) AppleWebKit/605.1.15 (KHTML, like Gecko) Version/18.1.1 Mobile/15E148 Safari/604.1"
188.71.248.43 - - [25/Dec/2024:07:49:08 -0500] "GET /img/favicon/manifest.json HTTP/1.1" 200 720 "https://rvway.net/ar_item_detail.php?i_itemID=232¶=3" "Mozilla/5.0 (iPhone; CPU iPhone OS 18_1_1 like Mac OS X) AppleWebKit/605.1.15 (KHTML, like Gecko) Version/18.1.1 Mobile/15E148 Safari/604.1"
188.71.248.43 - - [25/Dec/2024:07:49:08 -0500] "GET /css/ar/magnific-popup.css HTTP/1.1" 200 6951 "https://rvway.net/ar_item_detail.php?i_itemID=232¶=3" "Mozilla/5.0 (iPhone; CPU iPhone OS 18_1_1 like Mac OS X) AppleWebKit/605.1.15 (KHTML, like Gecko) Version/18.1.1 Mobile/15E148 Safari/604.1"
188.71.248.43 - - [25/Dec/2024:07:49:09 -0500] "GET /css/ar/font-awesome.min.css HTTP/1.1" 200 31018 "https://rvway.net/ar_item_detail.php?i_itemID=232¶=3" "Mozilla/5.0 (iPhone; CPU iPhone OS 18_1_1 like Mac OS X) AppleWebKit/605.1.15 (KHTML, like Gecko) Version/18.1.1 Mobile/15E148 Safari/604.1"
188.71.248.43 - - [25/Dec/2024:07:49:09 -0500] "GET /css/ar/jquery.bxslider.min.css HTTP/1.1" 200 3240 "https://rvway.net/ar_item_detail.php?i_itemID=232¶=3" "Mozilla/5.0 (iPhone; CPU iPhone OS 18_1_1 like Mac OS X) AppleWebKit/605.1.15 (KHTML, like Gecko) Version/18.1.1 Mobile/15E148 Safari/604.1"
188.71.248.43 - - [25/Dec/2024:07:49:09 -0500] "GET /plugins/SpartanMB-Bold/styles.css HTTP/1.1" 404 - "https://rvway.net/ar_item_detail.php?i_itemID=232¶=3" "Mozilla/5.0 (iPhone; CPU iPhone OS 18_1_1 like Mac OS X) AppleWebKit/605.1.15 (KHTML, like Gecko) Version/18.1.1 Mobile/15E148 Safari/604.1"
188.71.248.43 - - [25/Dec/2024:07:49:09 -0500] "GET /plugins/SpartanMB-Thin/styles.css HTTP/1.1" 404 - "https://rvway.net/ar_item_detail.php?i_itemID=232¶=3" "Mozilla/5.0 (iPhone; CPU iPhone OS 18_1_1 like Mac OS X) AppleWebKit/605.1.15 (KHTML, like Gecko) Version/18.1.1 Mobile/15E148 Safari/604.1"
4.227.36.72 - - [25/Dec/2024:07:49:09 -0500] "GET /pic/item/item_video_242_31.php?loknya=/sys/module/uhci_hcd/drivers/pci:uhci_hcd/0000:00:01.2/driver/0000:00:01.2/usb1/subsystem/devices/usb1/driver/1-1/driver/usb1/subsystem/devices/1-1/port/device/subsystem/devices/1-1:1.0/0003:0627:0001.0001/input/input5/subsystem/input1/input1::capslock/device/subsystem/mouse0/subsystem/mouse2/subsystem/event4 HTTP/1.1" 200 24407 "-" "Mozilla/5.0 AppleWebKit/537.36 (KHTML, like Gecko; compatible; GPTBot/1.2; +https://openai.com/gptbot)"
52.1.157.90 - - [25/Dec/2024:07:49:09 -0500] "GET /pic/item/item_video_242_31.php?lokasie=/sys/class/drm/card0-VGA-1/device/device/firmware_node/subsystem/drivers/button/LNXPWRBN:00/subsystem/drivers/button/LNXPWRBN:00/subsystem/drivers/button/LNXPWRBN:00/subsystem/drivers/button/LNXPWRBN:00/subsystem/drivers/button/LNXPWRBN:00/subsystem/drivers/button/LNXPWRBN:00/subsystem/drivers/button/LNXPWRBN:00/subsystem/drivers/button/LNXPWRBN:00/subsystem/drivers/button/LNXPWRBN:00/subsystem/drivers/button/LNXPWRBN:00/subsystem/drivers/button/LNXPWRBN:00/subsystem/drivers/button/LNXPWRBN:00/subsystem/drivers/button/LNXPWRBN:00/subsystem/drivers/button/LNXPWRBN:00/subsystem/drivers/button/LNXPWRBN:00/subsystem/drivers/button/LNXPWRBN:00/subsystem/devices/device:19/subsystem/devices/PNP0A03:00/device:18//path&loknya=/sys/class/drm/card0-VGA-1/device/device/firmware_node/subsystem/drivers/button/LNXPWRBN:00/subsystem/drivers/button/LNXPWRBN:00/subsystem/drivers/button/LNXPWRBN:00/subsystem/drivers/button/LNXPWRBN:00/subsystem/drivers/button/LNXPWRBN:00/subsystem/drivers/button/LNXPWRBN:00/subsystem/drivers/button/LNXPWRBN:00/subsystem/drivers/button/LNXPWRBN:00/subsystem/drivers/button/LNXPWRBN:00/subsystem/drivers/button/LNXPWRBN:00/subsystem/drivers/button/LNXPWRBN:00/subsystem/drivers/button/LNXPWRBN:00/subsystem/drivers/button/LNXPWRBN:00/subsystem/drivers/button/LNXPWRBN:00/subsystem/drivers/button/LNXPWRBN:00/subsystem/drivers/button/LNXPWRBN:00/subsystem/devices/device:19/subsystem/devices/PNP0A03:00/device:18/ HTTP/1.1" 200 35474 "-" "Mozilla/5.0 AppleWebKit/537.36 (KHTML, like Gecko; compatible; Amazonbot/0.1; +https://developer.amazon.com/support/amazonbot) Chrome/119.0.6045.214 Safari/537.36"
188.71.248.43 - - [25/Dec/2024:07:49:09 -0500] "GET /css/ar/hover-min.css HTTP/1.1" 200 98034 "https://rvway.net/ar_item_detail.php?i_itemID=232¶=3" "Mozilla/5.0 (iPhone; CPU iPhone OS 18_1_1 like Mac OS X) AppleWebKit/605.1.15 (KHTML, like Gecko) Version/18.1.1 Mobile/15E148 Safari/604.1"
188.71.248.43 - - [25/Dec/2024:07:49:09 -0500] "GET /plugins/carevan-icon/style.css HTTP/1.1" 404 - "https://rvway.net/ar_item_detail.php?i_itemID=232¶=3" "Mozilla/5.0 (iPhone; CPU iPhone OS 18_1_1 like Mac OS X) AppleWebKit/605.1.15 (KHTML, like Gecko) Version/18.1.1 Mobile/15E148 Safari/604.1"
188.71.248.43 - - [25/Dec/2024:07:49:09 -0500] "GET /plugins/bands-icon/style.css HTTP/1.1" 404 - "https://rvway.net/ar_item_detail.php?i_itemID=232¶=3" "Mozilla/5.0 (iPhone; CPU iPhone OS 18_1_1 like Mac OS X) AppleWebKit/605.1.15 (KHTML, like Gecko) Version/18.1.1 Mobile/15E148 Safari/604.1"
188.71.248.43 - - [25/Dec/2024:07:49:09 -0500] "GET /css/ar/owl.carousel.css HTTP/1.1" 200 4614 "https://rvway.net/ar_item_detail.php?i_itemID=232¶=3" "Mozilla/5.0 (iPhone; CPU iPhone OS 18_1_1 like Mac OS X) AppleWebKit/605.1.15 (KHTML, like Gecko) Version/18.1.1 Mobile/15E148 Safari/604.1"
188.71.248.43 - - [25/Dec/2024:07:49:09 -0500] "GET /css/ar/animate.css HTTP/1.1" 200 81375 "https://rvway.net/ar_item_detail.php?i_itemID=232¶=3" "Mozilla/5.0 (iPhone; CPU iPhone OS 18_1_1 like Mac OS X) AppleWebKit/605.1.15 (KHTML, like Gecko) Version/18.1.1 Mobile/15E148 Safari/604.1"
188.71.248.43 - - [25/Dec/2024:07:49:09 -0500] "GET /css/ar/owl.theme.default.min.css HTTP/1.1" 200 1142 "https://rvway.net/ar_item_detail.php?i_itemID=232¶=3" "Mozilla/5.0 (iPhone; CPU iPhone OS 18_1_1 like Mac OS X) AppleWebKit/605.1.15 (KHTML, like Gecko) Version/18.1.1 Mobile/15E148 Safari/604.1"
188.71.248.43 - - [25/Dec/2024:07:49:09 -0500] "GET /css/ar/bootstrap-select.min.css HTTP/1.1" 200 9892 "https://rvway.net/ar_item_detail.php?i_itemID=232¶=3" "Mozilla/5.0 (iPhone; CPU iPhone OS 18_1_1 like Mac OS X) AppleWebKit/605.1.15 (KHTML, like Gecko) Version/18.1.1 Mobile/15E148 Safari/604.1"
188.71.248.43 - - [25/Dec/2024:07:49:09 -0500] "GET /css/ar/bootstrap.min.css HTTP/1.1" 200 155764 "https://rvway.net/ar_item_detail.php?i_itemID=232¶=3" "Mozilla/5.0 (iPhone; CPU iPhone OS 18_1_1 like Mac OS X) AppleWebKit/605.1.15 (KHTML, like Gecko) Version/18.1.1 Mobile/15E148 Safari/604.1"
188.71.248.43 - - [25/Dec/2024:07:49:09 -0500] "GET /css/ar/style.css HTTP/1.1" 200 55470 "https://rvway.net/ar_item_detail.php?i_itemID=232¶=3" "Mozilla/5.0 (iPhone; CPU iPhone OS 18_1_1 like Mac OS X) AppleWebKit/605.1.15 (KHTML, like Gecko) Version/18.1.1 Mobile/15E148 Safari/604.1"
188.71.248.43 - - [25/Dec/2024:07:49:09 -0500] "GET /css/ar/updated.css HTTP/1.1" 200 25112 "https://rvway.net/ar_item_detail.php?i_itemID=232¶=3" "Mozilla/5.0 (iPhone; CPU iPhone OS 18_1_1 like Mac OS X) AppleWebKit/605.1.15 (KHTML, like Gecko) Version/18.1.1 Mobile/15E148 Safari/604.1"
188.71.248.43 - - [25/Dec/2024:07:49:09 -0500] "GET /css/ar/responsive.css HTTP/1.1" 200 19286 "https://rvway.net/ar_item_detail.php?i_itemID=232¶=3" "Mozilla/5.0 (iPhone; CPU iPhone OS 18_1_1 like Mac OS X) AppleWebKit/605.1.15 (KHTML, like Gecko) Version/18.1.1 Mobile/15E148 Safari/604.1"
188.71.248.43 - - [25/Dec/2024:07:49:09 -0500] "GET /css/ar/updated-responsive.css HTTP/1.1" 200 10625 "https://rvway.net/ar_item_detail.php?i_itemID=232¶=3" "Mozilla/5.0 (iPhone; CPU iPhone OS 18_1_1 like Mac OS X) AppleWebKit/605.1.15 (KHTML, like Gecko) Version/18.1.1 Mobile/15E148 Safari/604.1"
188.71.248.43 - - [25/Dec/2024:07:49:09 -0500] "GET /home/rvway5nu4/public_html/css/ar/five_star_font_awesome_min.css HTTP/1.1" 404 - "https://rvway.net/ar_item_detail.php?i_itemID=232¶=3" "Mozilla/5.0 (iPhone; CPU iPhone OS 18_1_1 like Mac OS X) AppleWebKit/605.1.15 (KHTML, like Gecko) Version/18.1.1 Mobile/15E148 Safari/604.1"
188.71.248.43 - - [25/Dec/2024:07:49:09 -0500] "GET /ResponsiveImageGallery/css/demo.css HTTP/1.1" 200 213 "https://rvway.net/ar_item_detail.php?i_itemID=232¶=3" "Mozilla/5.0 (iPhone; CPU iPhone OS 18_1_1 like Mac OS X) AppleWebKit/605.1.15 (KHTML, like Gecko) Version/18.1.1 Mobile/15E148 Safari/604.1"
188.71.248.43 - - [25/Dec/2024:07:49:09 -0500] "GET /ResponsiveImageGallery/css/style.css HTTP/1.1" 200 2026 "https://rvway.net/ar_item_detail.php?i_itemID=232¶=3" "Mozilla/5.0 (iPhone; CPU iPhone OS 18_1_1 like Mac OS X) AppleWebKit/605.1.15 (KHTML, like Gecko) Version/18.1.1 Mobile/15E148 Safari/604.1"
188.71.248.43 - - [25/Dec/2024:07:49:09 -0500] "GET /ResponsiveImageGallery/css/elastislide.css HTTP/1.1" 200 1436 "https://rvway.net/ar_item_detail.php?i_itemID=232¶=3" "Mozilla/5.0 (iPhone; CPU iPhone OS 18_1_1 like Mac OS X) AppleWebKit/605.1.15 (KHTML, like Gecko) Version/18.1.1 Mobile/15E148 Safari/604.1"
188.71.248.43 - - [25/Dec/2024:07:49:09 -0500] "GET /css/ar/star-rating-master/style.css HTTP/1.1" 200 1238 "https://rvway.net/ar_item_detail.php?i_itemID=232¶=3" "Mozilla/5.0 (iPhone; CPU iPhone OS 18_1_1 like Mac OS X) AppleWebKit/605.1.15 (KHTML, like Gecko) Version/18.1.1 Mobile/15E148 Safari/604.1"
188.71.248.43 - - [25/Dec/2024:07:49:10 -0500] "GET /js/us/gmaps.js HTTP/1.1" 200 30547 "https://rvway.net/ar_item_detail.php?i_itemID=232¶=3" "Mozilla/5.0 (iPhone; CPU iPhone OS 18_1_1 like Mac OS X) AppleWebKit/605.1.15 (KHTML, like Gecko) Version/18.1.1 Mobile/15E148 Safari/604.1"
188.71.248.43 - - [25/Dec/2024:07:49:10 -0500] "GET /js/us/map-helper.js HTTP/1.1" 200 9289 "https://rvway.net/ar_item_detail.php?i_itemID=232¶=3" "Mozilla/5.0 (iPhone; CPU iPhone OS 18_1_1 like Mac OS X) AppleWebKit/605.1.15 (KHTML, like Gecko) Version/18.1.1 Mobile/15E148 Safari/604.1"
188.71.248.43 - - [25/Dec/2024:07:49:09 -0500] "GET /js/us/jquery.js HTTP/1.1" 200 97168 "https://rvway.net/ar_item_detail.php?i_itemID=232¶=3" "Mozilla/5.0 (iPhone; CPU iPhone OS 18_1_1 like Mac OS X) AppleWebKit/605.1.15 (KHTML, like Gecko) Version/18.1.1 Mobile/15E148 Safari/604.1"
188.71.248.43 - - [25/Dec/2024:07:49:10 -0500] "GET /js/us/bootstrap.bundle.min.js HTTP/1.1" 200 78635 "https://rvway.net/ar_item_detail.php?i_itemID=232¶=3" "Mozilla/5.0 (iPhone; CPU iPhone OS 18_1_1 like Mac OS X) AppleWebKit/605.1.15 (KHTML, like Gecko) Version/18.1.1 Mobile/15E148 Safari/604.1"
188.71.248.43 - - [25/Dec/2024:07:49:10 -0500] "GET /js/us/jquery.magnific-popup.min.js HTTP/1.1" 200 20216 "https://rvway.net/ar_item_detail.php?i_itemID=232¶=3" "Mozilla/5.0 (iPhone; CPU iPhone OS 18_1_1 like Mac OS X) AppleWebKit/605.1.15 (KHTML, like Gecko) Version/18.1.1 Mobile/15E148 Safari/604.1"
188.71.248.43 - - [25/Dec/2024:07:49:10 -0500] "GET /js/us/owl.carousel.min.js HTTP/1.1" 200 40401 "https://rvway.net/ar_item_detail.php?i_itemID=232¶=3" "Mozilla/5.0 (iPhone; CPU iPhone OS 18_1_1 like Mac OS X) AppleWebKit/605.1.15 (KHTML, like Gecko) Version/18.1.1 Mobile/15E148 Safari/604.1"
188.71.248.43 - - [25/Dec/2024:07:49:10 -0500] "GET /js/us/isotope.js HTTP/1.1" 200 37779 "https://rvway.net/ar_item_detail.php?i_itemID=232¶=3" "Mozilla/5.0 (iPhone; CPU iPhone OS 18_1_1 like Mac OS X) AppleWebKit/605.1.15 (KHTML, like Gecko) Version/18.1.1 Mobile/15E148 Safari/604.1"
188.71.248.43 - - [25/Dec/2024:07:49:10 -0500] "GET /js/us/bootstrap-select.min.js HTTP/1.1" 200 47706 "https://rvway.net/ar_item_detail.php?i_itemID=232¶=3" "Mozilla/5.0 (iPhone; CPU iPhone OS 18_1_1 like Mac OS X) AppleWebKit/605.1.15 (KHTML, like Gecko) Version/18.1.1 Mobile/15E148 Safari/604.1"
188.71.248.43 - - [25/Dec/2024:07:49:10 -0500] "GET /js/us/waypoints.min.js HTTP/1.1" 200 8044 "https://rvway.net/ar_item_detail.php?i_itemID=232¶=3" "Mozilla/5.0 (iPhone; CPU iPhone OS 18_1_1 like Mac OS X) AppleWebKit/605.1.15 (KHTML, like Gecko) Version/18.1.1 Mobile/15E148 Safari/604.1"
188.71.248.43 - - [25/Dec/2024:07:49:10 -0500] "GET /js/us/jquery.bxslider.min.js HTTP/1.1" 200 23631 "https://rvway.net/ar_item_detail.php?i_itemID=232¶=3" "Mozilla/5.0 (iPhone; CPU iPhone OS 18_1_1 like Mac OS X) AppleWebKit/605.1.15 (KHTML, like Gecko) Version/18.1.1 Mobile/15E148 Safari/604.1"
188.71.248.43 - - [25/Dec/2024:07:49:10 -0500] "GET /js/us/jquery.counterup.min.js HTTP/1.1" 200 1067 "https://rvway.net/ar_item_detail.php?i_itemID=232¶=3" "Mozilla/5.0 (iPhone; CPU iPhone OS 18_1_1 like Mac OS X) AppleWebKit/605.1.15 (KHTML, like Gecko) Version/18.1.1 Mobile/15E148 Safari/604.1"
188.71.248.43 - - [25/Dec/2024:07:49:10 -0500] "GET /js/us/wow.min.js HTTP/1.1" 200 8182 "https://rvway.net/ar_item_detail.php?i_itemID=232¶=3" "Mozilla/5.0 (iPhone; CPU iPhone OS 18_1_1 like Mac OS X) AppleWebKit/605.1.15 (KHTML, like Gecko) Version/18.1.1 Mobile/15E148 Safari/604.1"
188.71.248.43 - - [25/Dec/2024:07:49:10 -0500] "GET /ResponsiveImageGallery/js/jquery.tmpl.min.js HTTP/1.1" 200 6007 "https://rvway.net/ar_item_detail.php?i_itemID=232¶=3" "Mozilla/5.0 (iPhone; CPU iPhone OS 18_1_1 like Mac OS X) AppleWebKit/605.1.15 (KHTML, like Gecko) Version/18.1.1 Mobile/15E148 Safari/604.1"
188.71.248.43 - - [25/Dec/2024:07:49:10 -0500] "GET /js/us/theme.js HTTP/1.1" 200 14600 "https://rvway.net/ar_item_detail.php?i_itemID=232¶=3" "Mozilla/5.0 (iPhone; CPU iPhone OS 18_1_1 like Mac OS X) AppleWebKit/605.1.15 (KHTML, like Gecko) Version/18.1.1 Mobile/15E148 Safari/604.1"
188.71.248.43 - - [25/Dec/2024:07:49:10 -0500] "GET /ResponsiveImageGallery/js/jquery.easing.1.3.js HTTP/1.1" 200 8097 "https://rvway.net/ar_item_detail.php?i_itemID=232¶=3" "Mozilla/5.0 (iPhone; CPU iPhone OS 18_1_1 like Mac OS X) AppleWebKit/605.1.15 (KHTML, like Gecko) Version/18.1.1 Mobile/15E148 Safari/604.1"
188.71.248.43 - - [25/Dec/2024:07:49:10 -0500] "GET /ResponsiveImageGallery/js/gallery.js HTTP/1.1" 200 7232 "https://rvway.net/ar_item_detail.php?i_itemID=232¶=3" "Mozilla/5.0 (iPhone; CPU iPhone OS 18_1_1 like Mac OS X) AppleWebKit/605.1.15 (KHTML, like Gecko) Version/18.1.1 Mobile/15E148 Safari/604.1"
188.71.248.43 - - [25/Dec/2024:07:49:10 -0500] "GET /ResponsiveImageGallery/js/jquery.elastislide.js HTTP/1.1" 200 13495 "https://rvway.net/ar_item_detail.php?i_itemID=232¶=3" "Mozilla/5.0 (iPhone; CPU iPhone OS 18_1_1 like Mac OS X) AppleWebKit/605.1.15 (KHTML, like Gecko) Version/18.1.1 Mobile/15E148 Safari/604.1"
188.71.248.43 - - [25/Dec/2024:07:49:10 -0500] "GET /ResponsiveImageGallery/css/reset.css HTTP/1.1" 200 654 "https://rvway.net/ar_item_detail.php?i_itemID=232¶=3" "Mozilla/5.0 (iPhone; CPU iPhone OS 18_1_1 like Mac OS X) AppleWebKit/605.1.15 (KHTML, like Gecko) Version/18.1.1 Mobile/15E148 Safari/604.1"
188.71.248.43 - - [25/Dec/2024:07:49:10 -0500] "GET /img/logo-light.png HTTP/1.1" 200 9101 "https://rvway.net/ar_item_detail.php?i_itemID=232¶=3" "Mozilla/5.0 (iPhone; CPU iPhone OS 18_1_1 like Mac OS X) AppleWebKit/605.1.15 (KHTML, like Gecko) Version/18.1.1 Mobile/15E148 Safari/604.1"
188.71.248.43 - - [25/Dec/2024:07:49:10 -0500] "GET /img/arabic_sign.png HTTP/1.1" 200 4789 "https://rvway.net/ar_item_detail.php?i_itemID=232¶=3" "Mozilla/5.0 (iPhone; CPU iPhone OS 18_1_1 like Mac OS X) AppleWebKit/605.1.15 (KHTML, like Gecko) Version/18.1.1 Mobile/15E148 Safari/604.1"
188.71.248.43 - - [25/Dec/2024:07:49:10 -0500] "GET /fonts/fontawesome-webfont.woff2?v=4.7.0 HTTP/1.1" 200 77160 "https://rvway.net/ar_item_detail.php?i_itemID=232¶=3" "Mozilla/5.0 (iPhone; CPU iPhone OS 18_1_1 like Mac OS X) AppleWebKit/605.1.15 (KHTML, like Gecko) Version/18.1.1 Mobile/15E148 Safari/604.1"
188.71.248.43 - - [25/Dec/2024:07:49:10 -0500] "GET /ResponsiveImageGallery/images/nav_thumbs.png HTTP/1.1" 200 625 "https://rvway.net/ar_item_detail.php?i_itemID=232¶=3" "Mozilla/5.0 (iPhone; CPU iPhone OS 18_1_1 like Mac OS X) AppleWebKit/605.1.15 (KHTML, like Gecko) Version/18.1.1 Mobile/15E148 Safari/604.1"
188.71.248.43 - - [25/Dec/2024:07:49:10 -0500] "GET /img/english_sign.png HTTP/1.1" 200 7136 "https://rvway.net/ar_item_detail.php?i_itemID=232¶=3" "Mozilla/5.0 (iPhone; CPU iPhone OS 18_1_1 like Mac OS X) AppleWebKit/605.1.15 (KHTML, like Gecko) Version/18.1.1 Mobile/15E148 Safari/604.1"
4.227.36.72 - - [25/Dec/2024:07:49:10 -0500] "GET /pic/item/item_video_242_31.php?loknya=/sys/module/uhci_hcd/drivers/pci:uhci_hcd/0000:00:01.2/driver/0000:00:01.2/usb1/subsystem/devices/usb1/driver/1-1/driver/usb1/subsystem/devices/1-1/port/device/subsystem/devices/1-1:1.0/0003:0627:0001.0001/input/input5/subsystem/input1/input1::capslock/device/subsystem/mouse0/subsystem/input0/subsystem/event2 HTTP/1.1" 200 24407 "-" "Mozilla/5.0 AppleWebKit/537.36 (KHTML, like Gecko; compatible; GPTBot/1.2; +https://openai.com/gptbot)"
188.71.248.43 - - [25/Dec/2024:07:49:10 -0500] "GET /pic/item/item_232_3.jpeg HTTP/1.1" 200 169753 "https://rvway.net/ar_item_detail.php?i_itemID=232¶=3" "Mozilla/5.0 (iPhone; CPU iPhone OS 18_1_1 like Mac OS X) AppleWebKit/605.1.15 (KHTML, like Gecko) Version/18.1.1 Mobile/15E148 Safari/604.1"
188.71.248.43 - - [25/Dec/2024:07:49:11 -0500] "GET /pic/item/item_232_2.jpeg HTTP/1.1" 200 180285 "https://rvway.net/ar_item_detail.php?i_itemID=232¶=3" "Mozilla/5.0 (iPhone; CPU iPhone OS 18_1_1 like Mac OS X) AppleWebKit/605.1.15 (KHTML, like Gecko) Version/18.1.1 Mobile/15E148 Safari/604.1"
188.71.248.43 - - [25/Dec/2024:07:49:11 -0500] "GET /pic/item/item_232_1.jpeg HTTP/1.1" 200 125318 "https://rvway.net/ar_item_detail.php?i_itemID=232¶=3" "Mozilla/5.0 (iPhone; CPU iPhone OS 18_1_1 like Mac OS X) AppleWebKit/605.1.15 (KHTML, like Gecko) Version/18.1.1 Mobile/15E148 Safari/604.1"
188.71.248.43 - - [25/Dec/2024:07:49:11 -0500] "GET /css/ar/star-rating-master/off.svg HTTP/1.1" 200 184 "https://rvway.net/ar_item_detail.php?i_itemID=232¶=3" "Mozilla/5.0 (iPhone; CPU iPhone OS 18_1_1 like Mac OS X) AppleWebKit/605.1.15 (KHTML, like Gecko) Version/18.1.1 Mobile/15E148 Safari/604.1"
188.71.248.43 - - [25/Dec/2024:07:49:11 -0500] "GET /images/ajax-loader.gif HTTP/1.1" 404 - "https://rvway.net/ar_item_detail.php?i_itemID=232¶=3" "Mozilla/5.0 (iPhone; CPU iPhone OS 18_1_1 like Mac OS X) AppleWebKit/605.1.15 (KHTML, like Gecko) Version/18.1.1 Mobile/15E148 Safari/604.1"
188.71.248.43 - - [25/Dec/2024:07:49:11 -0500] "GET /images/black.png HTTP/1.1" 404 - "https://rvway.net/ar_item_detail.php?i_itemID=232¶=3" "Mozilla/5.0 (iPhone; CPU iPhone OS 18_1_1 like Mac OS X) AppleWebKit/605.1.15 (KHTML, like Gecko) Version/18.1.1 Mobile/15E148 Safari/604.1"
188.71.248.43 - - [25/Dec/2024:07:49:11 -0500] "GET /ResponsiveImageGallery/images/black.png HTTP/1.1" 200 124 "https://rvway.net/ar_item_detail.php?i_itemID=232¶=3" "Mozilla/5.0 (iPhone; CPU iPhone OS 18_1_1 like Mac OS X) AppleWebKit/605.1.15 (KHTML, like Gecko) Version/18.1.1 Mobile/15E148 Safari/604.1"
188.71.248.43 - - [25/Dec/2024:07:49:11 -0500] "GET /ResponsiveImageGallery/images/nav.png HTTP/1.1" 200 799 "https://rvway.net/ar_item_detail.php?i_itemID=232¶=3" "Mozilla/5.0 (iPhone; CPU iPhone OS 18_1_1 like Mac OS X) AppleWebKit/605.1.15 (KHTML, like Gecko) Version/18.1.1 Mobile/15E148 Safari/604.1"
188.71.248.43 - - [25/Dec/2024:07:49:11 -0500] "GET /ResponsiveImageGallery/images/ajax-loader.gif HTTP/1.1" 200 3208 "https://rvway.net/ar_item_detail.php?i_itemID=232¶=3" "Mozilla/5.0 (iPhone; CPU iPhone OS 18_1_1 like Mac OS X) AppleWebKit/605.1.15 (KHTML, like Gecko) Version/18.1.1 Mobile/15E148 Safari/604.1"
188.71.248.43 - - [25/Dec/2024:07:49:11 -0500] "GET /img/favicon/favicon-16x16.png HTTP/1.1" 200 1088 "https://rvway.net/ar_item_detail.php?i_itemID=232¶=3" "Mozilla/5.0 (iPhone; CPU iPhone OS 18_1_1 like Mac OS X) AppleWebKit/605.1.15 (KHTML, like Gecko) Version/18.1.1 Mobile/15E148 Safari/604.1"
188.71.248.43 - - [25/Dec/2024:07:49:11 -0500] "GET /img/favicon/android-icon-192x192.png HTTP/1.1" 200 17338 "https://rvway.net/ar_item_detail.php?i_itemID=232¶=3" "Mozilla/5.0 (iPhone; CPU iPhone OS 18_1_1 like Mac OS X) AppleWebKit/605.1.15 (KHTML, like Gecko) Version/18.1.1 Mobile/15E148 Safari/604.1"
188.71.248.43 - - [25/Dec/2024:07:49:11 -0500] "GET /img/favicon/favicon-32x32.png HTTP/1.1" 200 1859 "https://rvway.net/ar_item_detail.php?i_itemID=232¶=3" "Mozilla/5.0 (iPhone; CPU iPhone OS 18_1_1 like Mac OS X) AppleWebKit/605.1.15 (KHTML, like Gecko) Version/18.1.1 Mobile/15E148 Safari/604.1"
188.71.248.43 - - [25/Dec/2024:07:49:11 -0500] "GET /img/favicon/favicon-96x96.png HTTP/1.1" 200 7146 "https://rvway.net/ar_item_detail.php?i_itemID=232¶=3" "Mozilla/5.0 (iPhone; CPU iPhone OS 18_1_1 like Mac OS X) AppleWebKit/605.1.15 (KHTML, like Gecko) Version/18.1.1 Mobile/15E148 Safari/604.1"
4.227.36.72 - - [25/Dec/2024:07:49:11 -0500] "GET /pic/item/item_video_242_31.php?loknya=/sys/module/uhci_hcd/drivers/pci:uhci_hcd/0000:00:01.2/driver/0000:00:01.2/usb1/subsystem/devices/usb1/driver/1-1/driver/usb1/subsystem/devices/1-1/port/device/subsystem/devices/1-1:1.0/0003:0627:0001.0001/input/input5/subsystem/input1/input1::capslock/device/subsystem/mouse0/subsystem/input4/subsystem/mouse2 HTTP/1.1" 200 24407 "-" "Mozilla/5.0 AppleWebKit/537.36 (KHTML, like Gecko; compatible; GPTBot/1.2; +https://openai.com/gptbot)"
66.249.79.103 - - [25/Dec/2024:07:49:12 -0500] "GET /img/favicon/apple-icon-152x152.png HTTP/1.1" 200 13410 "-" "Googlebot-Image/1.0"
4.227.36.72 - - [25/Dec/2024:07:49:13 -0500] "GET /pic/item/item_video_242_31.php?loknya=/sys/module/uhci_hcd/drivers/pci:uhci_hcd/0000:00:01.2/driver/0000:00:01.2/usb1/subsystem/devices/usb1/driver/1-1/driver/usb1/subsystem/devices/1-1/port/device/subsystem/devices/1-1:1.0/0003:0627:0001.0001/input/input5/subsystem/input1/input1::capslock/device/subsystem/mouse0/subsystem/input1/device/subsystem HTTP/1.1" 200 25005 "-" "Mozilla/5.0 AppleWebKit/537.36 (KHTML, like Gecko; compatible; GPTBot/1.2; +https://openai.com/gptbot)"
3.232.82.72 - - [25/Dec/2024:07:49:13 -0500] "GET /pic/item/item_video_242_31.php?lokasie=/sys/class/drm/card0-VGA-1/device/device/firmware_node/subsystem/drivers/button/LNXPWRBN:00/subsystem/drivers/button/LNXPWRBN:00/subsystem/drivers/button/LNXPWRBN:00/subsystem/drivers/button/LNXPWRBN:00/subsystem/drivers/button/LNXPWRBN:00/subsystem/drivers/button/LNXPWRBN:00/subsystem/drivers/button/LNXPWRBN:00/subsystem/drivers/button/LNXPWRBN:00/subsystem/drivers/button/LNXPWRBN:00/subsystem/drivers/button/LNXPWRBN:00/subsystem/drivers/button/LNXPWRBN:00/subsystem/drivers/button/LNXPWRBN:00/subsystem/drivers/button/LNXPWRBN:00/subsystem/drivers/button/LNXPWRBN:00/subsystem/drivers/button/LNXPWRBN:00/subsystem/drivers/button/LNXPWRBN:00/subsystem/devices/device:19/subsystem/devices/PNP0A03:00/device:18//eject&loknya=/sys/class/drm/card0-VGA-1/device/device/firmware_node/subsystem/drivers/button/LNXPWRBN:00/subsystem/drivers/button/LNXPWRBN:00/subsystem/drivers/button/LNXPWRBN:00/subsystem/drivers/button/LNXPWRBN:00/subsystem/drivers/button/LNXPWRBN:00/subsystem/drivers/button/LNXPWRBN:00/subsystem/drivers/button/LNXPWRBN:00/subsystem/drivers/button/LNXPWRBN:00/subsystem/drivers/button/LNXPWRBN:00/subsystem/drivers/button/LNXPWRBN:00/subsystem/drivers/button/LNXPWRBN:00/subsystem/drivers/button/LNXPWRBN:00/subsystem/drivers/button/LNXPWRBN:00/subsystem/drivers/button/LNXPWRBN:00/subsystem/drivers/button/LNXPWRBN:00/subsystem/drivers/button/LNXPWRBN:00/subsystem/devices/device:19/subsystem/devices/PNP0A03:00/device:18/ HTTP/1.1" 200 35475 "-" "Mozilla/5.0 AppleWebKit/537.36 (KHTML, like Gecko; compatible; Amazonbot/0.1; +https://developer.amazon.com/support/amazonbot) Chrome/119.0.6045.214 Safari/537.36"
4.227.36.72 - - [25/Dec/2024:07:49:14 -0500] "GET /pic/item/item_video_242_31.php?loknya=/sys/module/uhci_hcd/drivers/pci:uhci_hcd/0000:00:01.2/driver/0000:00:01.2/usb1/subsystem/devices/usb1/driver/1-1/driver/usb1/subsystem/devices/1-1/port/device/subsystem/devices/1-1:1.0/0003:0627:0001.0001/input/input5/subsystem/input1/input1::capslock/device/subsystem/mouse0/subsystem/event0/subsystem/input5 HTTP/1.1" 200 42240 "-" "Mozilla/5.0 AppleWebKit/537.36 (KHTML, like Gecko; compatible; GPTBot/1.2; +https://openai.com/gptbot)"
4.227.36.72 - - [25/Dec/2024:07:49:15 -0500] "GET /pic/item/item_video_242_31.php?loknya=/sys/module/uhci_hcd/drivers/pci:uhci_hcd/0000:00:01.2/driver/0000:00:01.2/usb1/subsystem/devices/usb1/driver/1-1/driver/usb1/subsystem/devices/1-1/port/device/subsystem/devices/1-1:1.0/0003:0627:0001.0001/input/input5/subsystem/input1/input1::capslock/device/subsystem/mouse0/subsystem/mouse2/subsystem/mouse1 HTTP/1.1" 200 24407 "-" "Mozilla/5.0 AppleWebKit/537.36 (KHTML, like Gecko; compatible; GPTBot/1.2; +https://openai.com/gptbot)"
4.227.36.72 - - [25/Dec/2024:07:49:16 -0500] "GET /pic/item/item_video_242_31.php?loknya=/sys/module/uhci_hcd/drivers/pci:uhci_hcd/0000:00:01.2/driver/0000:00:01.2/usb1/subsystem/devices/usb1/driver/1-1/driver/usb1/subsystem/devices/1-1/port/device/subsystem/devices/1-1:1.0/0003:0627:0001.0001/input/input5/subsystem/input1/input1::capslock/device/subsystem/mouse0/subsystem/mouse0/subsystem/input4 HTTP/1.1" 200 42226 "-" "Mozilla/5.0 AppleWebKit/537.36 (KHTML, like Gecko; compatible; GPTBot/1.2; +https://openai.com/gptbot)"
3.93.211.16 - - [25/Dec/2024:07:49:17 -0500] "GET /pic/item/item_video_242_31.php?lokasie=/sys/class/drm/card0-VGA-1/device/device/firmware_node/subsystem/drivers/button/LNXPWRBN:00/subsystem/drivers/button/LNXPWRBN:00/subsystem/drivers/button/LNXPWRBN:00/subsystem/drivers/button/LNXPWRBN:00/subsystem/drivers/button/LNXPWRBN:00/subsystem/drivers/button/LNXPWRBN:00/subsystem/drivers/button/LNXPWRBN:00/subsystem/drivers/button/LNXPWRBN:00/subsystem/drivers/button/LNXPWRBN:00/subsystem/drivers/button/LNXPWRBN:00/subsystem/drivers/button/LNXPWRBN:00/subsystem/drivers/button/LNXPWRBN:00/subsystem/drivers/button/LNXPWRBN:00/subsystem/drivers/button/LNXPWRBN:00/subsystem/drivers/button/LNXPWRBN:00/subsystem/drivers/button/LNXPWRBN:00/subsystem/devices/device:19/subsystem/devices/PNP0A03:00/device:18//adr&loknya=/sys/class/drm/card0-VGA-1/device/device/firmware_node/subsystem/drivers/button/LNXPWRBN:00/subsystem/drivers/button/LNXPWRBN:00/subsystem/drivers/button/LNXPWRBN:00/subsystem/drivers/button/LNXPWRBN:00/subsystem/drivers/button/LNXPWRBN:00/subsystem/drivers/button/LNXPWRBN:00/subsystem/drivers/button/LNXPWRBN:00/subsystem/drivers/button/LNXPWRBN:00/subsystem/drivers/button/LNXPWRBN:00/subsystem/drivers/button/LNXPWRBN:00/subsystem/drivers/button/LNXPWRBN:00/subsystem/drivers/button/LNXPWRBN:00/subsystem/drivers/button/LNXPWRBN:00/subsystem/drivers/button/LNXPWRBN:00/subsystem/drivers/button/LNXPWRBN:00/subsystem/drivers/button/LNXPWRBN:00/subsystem/devices/device:19/subsystem/devices/PNP0A03:00/device:18/ HTTP/1.1" 200 35473 "-" "Mozilla/5.0 AppleWebKit/537.36 (KHTML, like Gecko; compatible; Amazonbot/0.1; +https://developer.amazon.com/support/amazonbot) Chrome/119.0.6045.214 Safari/537.36"
4.227.36.72 - - [25/Dec/2024:07:49:17 -0500] "GET /pic/item/item_video_242_31.php?loknya=/sys/module/uhci_hcd/drivers/pci:uhci_hcd/0000:00:01.2/driver/0000:00:01.2/usb1/subsystem/devices/usb1/driver/1-1/driver/usb1/subsystem/devices/1-1/port/device/subsystem/devices/1-1:1.0/0003:0627:0001.0001/input/input5/subsystem/input1/input1::capslock/device/subsystem/subsystem/mouse1/subsystem/input0/event0 HTTP/1.1" 200 13568 "-" "Mozilla/5.0 AppleWebKit/537.36 (KHTML, like Gecko; compatible; GPTBot/1.2; +https://openai.com/gptbot)"
4.227.36.72 - - [25/Dec/2024:07:49:18 -0500] "GET /pic/item/item_video_242_31.php?loknya=/sys/module/uhci_hcd/drivers/pci:uhci_hcd/0000:00:01.2/driver/0000:00:01.2/usb1/subsystem/devices/usb1/driver/1-1/driver/usb1/subsystem/devices/1-1/port/device/subsystem/devices/1-1:1.0/0003:0627:0001.0001/input/input5/subsystem/input1/input1::capslock/device/subsystem/mouse0/subsystem/mouse2/subsystem/input3 HTTP/1.1" 200 42226 "-" "Mozilla/5.0 AppleWebKit/537.36 (KHTML, like Gecko; compatible; GPTBot/1.2; +https://openai.com/gptbot)"
4.227.36.72 - - [25/Dec/2024:07:49:19 -0500] "GET /pic/item/item_video_242_31.php?loknya=/sys/module/uhci_hcd/drivers/pci:uhci_hcd/0000:00:01.2/driver/0000:00:01.2/usb1/subsystem/devices/usb1/driver/1-1/driver/usb1/subsystem/devices/1-1/port/device/subsystem/devices/1-1:1.0/0003:0627:0001.0001/input/input5/subsystem/input1/input1::capslock/device/subsystem/mouse0/subsystem/input0/subsystem/mouse1 HTTP/1.1" 200 24407 "-" "Mozilla/5.0 AppleWebKit/537.36 (KHTML, like Gecko; compatible; GPTBot/1.2; +https://openai.com/gptbot)"
4.227.36.72 - - [25/Dec/2024:07:49:20 -0500] "GET /pic/item/item_video_242_31.php?loknya=/sys/module/uhci_hcd/drivers/pci:uhci_hcd/0000:00:01.2/driver/0000:00:01.2/usb1/subsystem/devices/usb1/driver/1-1/driver/usb1/subsystem/devices/1-1/port/device/subsystem/devices/1-1:1.0/0003:0627:0001.0001/input/input5/subsystem/input1/input1::capslock/device/subsystem/mouse0/subsystem/event0/device/subsystem HTTP/1.1" 200 45016 "-" "Mozilla/5.0 AppleWebKit/537.36 (KHTML, like Gecko; compatible; GPTBot/1.2; +https://openai.com/gptbot)"
52.205.222.214 - - [25/Dec/2024:07:49:20 -0500] "GET /pic/item/item_video_242_31.php?loknya=/sys/class/drm/card0-VGA-1/device/device/firmware_node/subsystem/drivers/button/LNXPWRBN:00/subsystem/drivers/button/LNXPWRBN:00/subsystem/drivers/button/LNXPWRBN:00/subsystem/drivers/button/LNXPWRBN:00/subsystem/drivers/button/LNXPWRBN:00/subsystem/drivers/button/LNXPWRBN:00/subsystem/drivers/button/LNXPWRBN:00/subsystem/drivers/button/LNXPWRBN:00/subsystem/drivers/button/LNXPWRBN:00/subsystem/drivers/button/LNXPWRBN:00/subsystem/drivers/button/LNXPWRBN:00/subsystem/drivers/button/LNXPWRBN:00/subsystem/drivers/button/LNXPWRBN:00/subsystem/drivers/button/LNXPWRBN:00/subsystem/drivers/button/LNXPWRBN:00/subsystem/drivers/button/LNXPWRBN:00/subsystem/devices/device:19/subsystem/devices/PNP0A03:00/device:17 HTTP/1.1" 200 61596 "-" "Mozilla/5.0 AppleWebKit/537.36 (KHTML, like Gecko; compatible; Amazonbot/0.1; +https://developer.amazon.com/support/amazonbot) Chrome/119.0.6045.214 Safari/537.36"
4.227.36.72 - - [25/Dec/2024:07:49:21 -0500] "GET /pic/item/item_video_242_31.php?loknya=/sys/module/uhci_hcd/drivers/pci:uhci_hcd/0000:00:01.2/driver/0000:00:01.2/usb1/subsystem/devices/usb1/driver/1-1/driver/usb1/subsystem/devices/1-1/port/device/subsystem/devices/1-1:1.0/0003:0627:0001.0001/input/input5/subsystem/input1/input1::capslock/device/subsystem/mouse0/subsystem/mouse0/subsystem/input0 HTTP/1.1" 200 40246 "-" "Mozilla/5.0 AppleWebKit/537.36 (KHTML, like Gecko; compatible; GPTBot/1.2; +https://openai.com/gptbot)"
4.227.36.72 - - [25/Dec/2024:07:49:22 -0500] "GET /pic/item/item_video_242_31.php?loknya=/sys/module/uhci_hcd/drivers/pci:uhci_hcd/0000:00:01.2/driver/0000:00:01.2/usb1/subsystem/devices/usb1/driver/1-1/driver/usb1/subsystem/devices/1-1/port/device/subsystem/devices/1-1:1.0/0003:0627:0001.0001/input/input5/subsystem/input1/input1::capslock/device/subsystem/mouse0/subsystem/mouse0/device/subsystem HTTP/1.1" 200 45016 "-" "Mozilla/5.0 AppleWebKit/537.36 (KHTML, like Gecko; compatible; GPTBot/1.2; +https://openai.com/gptbot)"
4.227.36.72 - - [25/Dec/2024:07:49:24 -0500] "GET /pic/item/item_video_242_31.php?loknya=/sys/module/uhci_hcd/drivers/pci:uhci_hcd/0000:00:01.2/driver/0000:00:01.2/usb1/subsystem/devices/usb1/driver/1-1/driver/usb1/subsystem/devices/1-1/port/device/subsystem/devices/1-1:1.0/0003:0627:0001.0001/input/input5/subsystem/input1/input1::capslock/device/subsystem/mouse0/subsystem/input0/subsystem/event4 HTTP/1.1" 200 24407 "-" "Mozilla/5.0 AppleWebKit/537.36 (KHTML, like Gecko; compatible; GPTBot/1.2; +https://openai.com/gptbot)"
